*3 - a**2 - 3*a - 3. Let v be u(4). Let g = v - 14. Suppose 4*j + 3*s = g + 22, -36 = -4*j - 4*s. What is the remainder when 26 is divided by j?
12
Suppose 576 = 2*m + 4*q, -4*m - 3*q = -m - 867. Suppose m = 3*d + 2*d. Calculate the remainder when d is divided by (20/(-3))/((-2)/6).
18
Calculate the remainder when 141/2 + 3/(-2) is divided by 9.
6
Let w be 1/(-2) + 49/14. Suppose w*a + 2*g - 36 = 0, -2*a - 3*a + 2*g + 44 = 0. Calculate the remainder when 29 is divided by a.
9
Suppose 5*i - 325 = m, -5*i - 3*m + 464 = 139. Calculate the remainder when i is divided by 242/(-77)*-1*7.
21
Let p(a) = -a**3 + 4*a**2 + 3*a + 3. Let w be p(3). Let m = -7 + w. What is the remainder when 25 is divided by m?
11
Suppose -2*d - 213 = -3*a - 4*d, 2*a - 142 = 2*d. What is the remainder when a is divided by 8?
7
Suppose 3*k + 2*k - 10 = 0. What is the remainder when k/8 + 374/8 is divided by 12?
11
Suppose 2*o = -3*u - 2*u + 68, 0 = u + 2*o - 20. Calculate the remainder when 34 is divided by u.
10
Suppose 0 = -4*n + 2*n + 20. Let m be (-1 + -23)/((-2)/4). Calculate the remainder when (-21)/((-4)/(m/9)) is divided by n.
8
Let o(q) = q**2 + q + 2. What is the remainder when (44/(-14))/((-9)/63) is divided by o(-3)?
6
Suppose -o - 7 = -17. Let y = -27 - -41. What is the remainder when y is divided by (o/4)/(1/2)?
4
Let i(h) = 8*h**3 - 2*h**2 + 3*h + 1. Let s be i(2). Let z = 31 + s. Calculate the remainder when z is divided by 19.
18
Suppose i + 19 - 2 = 0. Let k = 27 + i. Let n(s) = 6*s**2 - 2*s - 2. Calculate the remainder when n(2) is divided by k.
8
What is the remainder when (-429)/(-26)*(2 + 0) is divided by 17?
16
Let q = 82 + -21. Let v = q - -10. What is the remainder when v is divided by 18?
17
Let c = -17 - -44. Let a = -20 + 30. What is the remainder when c is divided by a?
7
Let s = -23 + 38. What is the remainder when s is divided by 4?
3
What is the remainder when 17 is divided by (24/28)/(1/7) - -1?
3
Let u(t) = 2*t + 2. Let c(s) = s**3 + 7*s**2 + 7*s + 4. Suppose -2*w - 16 = -6*w, 2*g = -2*w - 2. What is the remainder when c(g) is divided by u(4)?
9
Let c be 2/(-3*8/(-372)). Let i = -18 + c. Let s(y) = -5*y - 5. What is the remainder when s(-6) is divided by i?
12
Let s(k) = k**3 + 4*k**2 - k + 3. Suppose o - 18 = -2*o. Let z = 3 - o. Calculate the remainder when 43 is divided by s(z).
13
Suppose 3*p - 163 = -0*r + 5*r, 4*r + 263 = 5*p. What is the remainder when p is divided by 18?
15
Suppose -f = -1 - 1. What is the remainder when 2 is divided by 2/((f - 3)*-2)?
0
Let z(p) = -48*p + 1. Suppose -4*t - 2 = -2*t. What is the remainder when z(t) is divided by 13?
10
Suppose 0 = -4*j + 5*i - 543, -2*j - 3*i - 309 = 2*i. Let k = 205 + j. Calculate the remainder when 26 is divided by (k/(-6))/((-6)/8).
12
Let c(v) = -4*v**3 + 3*v**2 + 3*v + 1. What is the remainder when 14 is divided by c(-1)?
4
Suppose -156 = -81*x + 69*x. Let q(t) = 4*t + 3. What is the remainder when q(5) is divided by x?
10
Let w = 8 + 0. Suppose 2*f = 3*f + 5*r - 22, 4*r = 0. Suppose f = v - 0*v. What is the remainder when v is divided by w?
6
Let g = -14 - -52. Suppose 7*k + 2*k - 126 = 0. What is the remainder when g is divided by k?
10
Let p(x) = 12*x**2 - 3*x - 2. Let u be p(3). Let s = -60 + u. What is the remainder when s is divided by 0 - (0 + 1)*-10?
7
Suppose 5*j - 266 = d, -5*j + 4*d + 47 = -207. Calculate the remainder when j + (-9)/(-3) - 0 is divided by 20.
17
Let f = -10 - -5. Let g(r) = -3*r - 3. Calculate the remainder when ((-12)/15)/(1/f) is divided by g(-2).
1
Suppose 10 = 5*q - 5. Suppose 94 - 7 = 4*d - q*l, d - l = 23. Calculate the remainder when 34 is divided by d.
16
Let q(x) = 11*x**3 + x**2. Let v(f) = -4*f. Let m be v(-5). Suppose -15 - m = -b. What is the remainder when b is divided by q(1)?
11
Let c = -31 + 92. Suppose 5*s = s - i + 38, -4*i = -2*s + 10. What is the remainder when c is divided by s - -9 - 3/(-1)?
19
Let d(q) = q + 6. Let n(g) = 3*g + 2. Let z be n(3). What is the remainder when 67 is divided by d(z)?
16
What is the remainder when (-116)/(-12)*(-1 + 4) is divided by 10?
9
Let u(l) = l**3 - 13*l**2 + 3*l - 27. What is the remainder when u(13) is divided by 9?
3
Suppose 0 = 3*d + 1 - 19. Let h(k) = k - 1. Let q be h(3). Let m = 12 - q. What is the remainder when m is divided by d?
4
Let r be ((-3)/1 - -2)*-5. Suppose q + 0*c = 4*c + 24, 0 = -r*q + 3*c + 103. Let w = -3 + 10. Calculate the remainder when q is divided by w.
6
Suppose 0 = -5*v - 4*m + 23, -3*v + 3*m + 24 = 2*m. Suppose -20*j + 75 = -17*j. What is the remainder when j is divided by v?
4
Let q = 69 + -37. Calculate the remainder when q is divided by 18.
14
Let p be ((-5)/(-2))/(2/(-4)). Let v(n) = -n - 3. Let b be v(p). Suppose -s + 11 = -b. What is the remainder when 38 is divided by s?
12
Suppose 0 = l - 0 - 3. Let x be (l/2)/(2/4). Suppose -x*d + 0*d + 96 = 0. Calculate the remainder when d is divided by 17.
15
Let k = 29 + 39. Calculate the remainder when k is divided by 14.
12
Let r = 67 - 44. Suppose 16 = 3*z - 20. What is the remainder when r is divided by z?
11
Let s(c) = -c**2 + 7*c + 2. Let h be s(7). Suppose h*l = -3*f + 139, -3*f = -0*f - 15. What is the remainder when l is divided by 22?
18
Calculate the remainder when 86 is divided by 4*(-22)/4*-1.
20
Suppose 247 = -13*n + 1794. What is the remainder when n is divided by 30?
29
Suppose -2*u + 5*w + 36 = u, 5*u = -3*w + 60. What is the remainder when 22 is divided by u?
10
Suppose 4*v - 2*v = 10. What is the remainder when v is divided by 2?
1
Let j be -4*1/(-2) + 47. Let m = 91 - j. Let w(t) = 21*t**2 + 2*t - 1. What is the remainder when m is divided by w(1)?
20
Let z(y) be the first derivative of 3*y**2/2 + 9*y - 5. What is the remainder when z(4) is divided by 12?
9
Let c = 3 + 1. Suppose -17 = -3*s + c*m, 0 - 5 = -3*s - 2*m. Let z = -1 + s. Calculate the remainder when 4 is divided by z.
0
Let t = 9 - 15. Let f(z) = -2*z + 7. Calculate the remainder when f(t) is divided by ((-4 - -5) + 0)*10.
9
Suppose 3*i + 0*i + 5*p - 21 = 0, 0 = 2*i - 5*p + 11. Let h = i - -3. Calculate the remainder when h is divided by 4 - 4 - (3 - 5).
1
Suppose 5*n = -44 + 124. What is the remainder when 45 is divided by n?
13
Suppose -t + w = -57, -5*t + 2*w + 2*w + 290 = 0. Suppose -4*l + l - s + 36 = 0, -5*l + 67 = 4*s. Calculate the remainder when -1*3/((-6)/t) is divided by l.
9
Suppose 39 = 2*c + i - 22, -c = i - 33. Suppose 2*q = 3*q - c. What is the remainder when q is divided by 10?
8
Let t = 18 - 15. Let j(i) = i**3 + i**2 + i + 4. What is the remainder when j(0) is divided by t?
1
Calculate the remainder when 14/(-35) - 574/(-10) is divided by 20.
17
Let q(m) = -5*m**2 - m. Let s be q(1). Let i = -2 - s. Suppose 3*l + 25 = i*l. What is the remainder when l is divided by 9?
7
Let m(l) = -l**3 + 22*l**2 - 21*l + 20. What is the remainder when 36 is divided by m(21)?
16
Suppose -w + 93 = -5*x, -2*w + 3*x + 131 = 4*x. Let m be (-3)/15 - 351/(-5). Let s = m + -47. Calculate the remainder when w is divided by s.
22
Let a = 23 - 8. Suppose -6*c + c + 40 = 0. Calculate the remainder when a is divided by c.
7
Suppose -2*r - a = -2*a - 14, -2*r + 2*a = -18. Calculate the remainder when (0 + -3)*(-4 + 0) is divided by r.
2
Suppose 3*w + 2 = 14. Calculate the remainder when 4/(-2) + 1*w is divided by 1.
0
Suppose 5*r - 49 - 33 = -v, -2*v + 154 = 5*r. What is the remainder when v is divided by 15?
12
Let u(g) = g**3 - 8*g**2 + 16*g - 14. Calculate the remainder when 18 is divided by u(6).
8
Let d(j) = j**3 + 5*j**2 + j - 1. Calculate the remainder when 52 is divided by d(-4).
8
Suppose -4*j - 3 - 1 = i, -2*j = 3*i - 8. Calculate the remainder when 29 is divided by i.
1
Let a(y) = y - 1. Let p(s) = -s**3 - 4*s**2 + 5*s - 2. Let t(o) = 4*a(o) - p(o). What is the remainder when 2 is divided by t(-4)?
0
Let v be (-102)/(-27) + 2/9. What is the remainder when 5/((-20)/6)*110/(-3) is divided by 4/(-2)*(-38)/v?
17
Suppose 3*l - 2*r - 3*r = 25, 3*r = -2*l + 42. Calculate the remainder when l is divided by -2*(-4)/8*8.
7
What is the remainder when (-726)/(-10) + -5 + 27/5 is divided by 38?
35
Suppose -3*m = 2*m - 20. Let k(j) = 9 + m + 0 - j. Calculate the remainder when k(-9) is divided by 8.
6
Suppose -3*b + 6 = -2*l, 2*b - l + 0*l - 3 = 